{"id":1386,"date":"2018-03-27T03:11:59","date_gmt":"2018-03-27T03:11:59","guid":{"rendered":"https:\/\/harveycp.vitelline.net\/?post_type=product&#038;p=1386"},"modified":"2021-11-16T15:49:40","modified_gmt":"2021-11-16T15:49:40","slug":"suferinta-seria-evocari","status":"publish","type":"product","link":"https:\/\/harveycp.vitelline.net\/?product=suferinta-seria-evocari","title":{"rendered":"SUFERIN\u0162\u0102 \u2014 seria Evoc\u0103ri"},"content":{"rendered":"<p style=\"font-weight: 400;\">\u00cenc\u0103 o perl\u0103 din seria\u00a0<i>Evoc\u0103ri.\u00a0<\/i>Citind-o, te \u00eembog\u0103\u0163e\u015fti c\u00e2t mai e\u015fti\u00a0<i>aici.<\/i>\u00a0Aplic\u00e2nd-o, te \u00eembog\u0103\u0163e\u015fti pentru c\u00e2nd vei fi\u00a0<i>acolo. <\/i>M\u0103rturii impresionante ale unor titani ai credin\u0163ei care au \u00eenv\u0103\u0163at taina de a convie\u0163ui cu suferin\u0163a. Ea le-a devenit \u015fcoal\u0103, \u015fi ciocan, \u015fi dalt\u0103.\u00a0\u00a0Ei s-au obi\u015fnuit cu suferin\u0163a \u015fi au devenit&#8230; oameni neobi\u015fnui\u0163i.<\/p>\n<p>Autori: Edwin F. &amp; Lillian G. Harvey,<\/p>\n<p style=\"font-weight: 400;\">\n","protected":false},"excerpt":{"rendered":"<p>\u00cenc\u0103 o perl\u0103 din seria\u00a0Evoc\u0103ri.\u00a0Citind-o, te \u00eembog\u0103\u0163e\u015fti c\u00e2t mai e\u015fti\u00a0aici.\u00a0Aplic\u00e2nd-o, te \u00eembog\u0103\u0163e\u015fti pentru c\u00e2nd vei fi\u00a0acolo. M\u0103rturii impresionante ale unor titani ai credin\u0163ei care au \u00eenv\u0103\u0163at taina de a convie\u0163ui cu suferin\u0163a. Ea le-a devenit \u015fcoal\u0103, \u015fi ciocan, \u015fi dalt\u0103.\u00a0\u00a0Ei s-au obi\u015fnuit cu suferin\u0163a \u015fi au devenit&#8230; oameni neobi\u015fnui\u0163i. Autori: Edwin F. &amp; Lillian G. [&hellip;]<\/p>\n","protected":false},"featured_media":1387,"comment_status":"open","ping_status":"closed","template":"","meta":[],"product_cat":[15,54],"product_tag":[1146,1142,1145,1144,1143,697,1141],"_links":{"self":[{"href":"https:\/\/harveycp.vitelline.net\/index.php?rest_route=\/wp\/v2\/product\/1386"}],"collection":[{"href":"https:\/\/harveycp.vitelline.net\/index.php?rest_route=\/wp\/v2\/product"}],"about":[{"href":"https:\/\/harveycp.vitelline.net\/index.php?rest_route=\/wp\/v2\/types\/product"}],"replies":[{"embeddable":true,"href":"https:\/\/harveycp.vitelline.net\/index.php?rest_route=%2Fwp%2Fv2%2Fcomments&post=1386"}],"wp:featuredmedia":[{"embeddable":true,"href":"https:\/\/harveycp.vitelline.net\/index.php?rest_route=\/wp\/v2\/media\/1387"}],"wp:attachment":[{"href":"https:\/\/harveycp.vitelline.net\/index.php?rest_route=%2Fwp%2Fv2%2Fmedia&parent=1386"}],"wp:term":[{"taxonomy":"product_cat","embeddable":true,"href":"https:\/\/harveycp.vitelline.net\/index.php?rest_route=%2Fwp%2Fv2%2Fproduct_cat&post=1386"},{"taxonomy":"product_tag","embeddable":true,"href":"https:\/\/harveycp.vitelline.net\/index.php?rest_route=%2Fwp%2Fv2%2Fproduct_tag&post=1386"}],"curies":[{"name":"wp","href":"https:\/\/api.w.org\/{rel}","templated":true}]}}