{"id":1352,"date":"2018-05-07T22:27:00","date_gmt":"2018-05-07T22:27:00","guid":{"rendered":"https:\/\/harveycp.vitelline.net\/?post_type=product&#038;p=1352"},"modified":"2018-06-21T22:11:47","modified_gmt":"2018-06-21T22:11:47","slug":"cortina-de-catifea","status":"publish","type":"product","link":"https:\/\/harveycp.vitelline.net\/?product=cortina-de-catifea","title":{"rendered":"Cortina de Catifea"},"content":{"rendered":"<p class=\"&quot;CapNm&quot;\">De cel pu\u0163in 25 de ani am avut inten\u0163ia de a scrie un roman intitulat &#8220;Cortina de catifea&#8221;. Cresc\u00e2nd \u00een timpul R\u0103zboi rece, am auzit frecvent m\u0103rturii ale unor oameni care au suferit pentru credin\u0163a lor \u00een \u0163\u0103rile comuniste. Am ajuns s\u0103 \u00eemi dau seama totu\u015fi c\u0103 adev\u0103ra\u0163ilor cre\u015ftini le este greu s\u0103-\u015fi men\u0163in\u0103 o m\u0103rturie curat\u0103 pentru Cristos, indiferent unde se g\u0103sesc, \u015fi c\u0103 Occidentul are echivalentul lui subtil pentru Cortina de Fier. Mi-am dorit s\u0103 scriu ceva ce i-ar ajuta at\u00e2t pe tineri, c\u00e2t \u015fi pe cei mai \u00eenainta\u0163i \u00een v\u00e2rst\u0103 s\u0103 devin\u0103 con\u015ftien\u0163i de pericolele acestei Cortine de catifea. Acum, c\u00e2nd \u00een sf\u00e2r\u015fit am f\u0103cut posibil\u0103 \u00eemplinirea acestui vis, comunismul nu mai domin\u0103 Europa de Est, ca \u00een timpul c\u00e2nd m-am sim\u0163it prima dat\u0103 inspirat\u0103 s\u0103 scriu aceast\u0103 poveste. \u00cens\u0103, de\u015fi cortina de fier a c\u0103zut, echivalentul ei occidental se face \u00eenc\u0103 sim\u0163it \u00een orice \u0163ar\u0103 \u00een care libertatea e la loc de cinste.<em>\u2014<\/em>Trudy Harvey Tait<\/p>\n<p>&nbsp;<\/p>\n","protected":false},"excerpt":{"rendered":"<p>De cel pu\u0163in 25 de ani am avut inten\u0163ia de a scrie un roman intitulat &#8220;Cortina de catifea&#8221;. Cresc\u00e2nd \u00een timpul R\u0103zboi rece, am auzit frecvent m\u0103rturii ale unor oameni care au suferit pentru credin\u0163a lor \u00een \u0163\u0103rile comuniste. Am ajuns s\u0103 \u00eemi dau seama totu\u015fi c\u0103 adev\u0103ra\u0163ilor cre\u015ftini le este greu s\u0103-\u015fi men\u0163in\u0103 o [&hellip;]<\/p>\n","protected":false},"featured_media":1353,"comment_status":"open","ping_status":"closed","template":"","meta":[],"product_cat":[15,54],"product_tag":[1098,1097,1096,1095,874,1099],"_links":{"self":[{"href":"https:\/\/harveycp.vitelline.net\/index.php?rest_route=\/wp\/v2\/product\/1352"}],"collection":[{"href":"https:\/\/harveycp.vitelline.net\/index.php?rest_route=\/wp\/v2\/product"}],"about":[{"href":"https:\/\/harveycp.vitelline.net\/index.php?rest_route=\/wp\/v2\/types\/product"}],"replies":[{"embeddable":true,"href":"https:\/\/harveycp.vitelline.net\/index.php?rest_route=%2Fwp%2Fv2%2Fcomments&post=1352"}],"wp:featuredmedia":[{"embeddable":true,"href":"https:\/\/harveycp.vitelline.net\/index.php?rest_route=\/wp\/v2\/media\/1353"}],"wp:attachment":[{"href":"https:\/\/harveycp.vitelline.net\/index.php?rest_route=%2Fwp%2Fv2%2Fmedia&parent=1352"}],"wp:term":[{"taxonomy":"product_cat","embeddable":true,"href":"https:\/\/harveycp.vitelline.net\/index.php?rest_route=%2Fwp%2Fv2%2Fproduct_cat&post=1352"},{"taxonomy":"product_tag","embeddable":true,"href":"https:\/\/harveycp.vitelline.net\/index.php?rest_route=%2Fwp%2Fv2%2Fproduct_tag&post=1352"}],"curies":[{"name":"wp","href":"https:\/\/api.w.org\/{rel}","templated":true}]}}