{"id":1346,"date":"2018-03-26T22:03:15","date_gmt":"2018-03-26T22:03:15","guid":{"rendered":"https:\/\/harveycp.vitelline.net\/?post_type=product&#038;p=1346"},"modified":"2023-02-07T20:02:18","modified_gmt":"2023-02-07T20:02:18","slug":"pidiendole-al-padre","status":"publish","type":"product","link":"https:\/\/harveycp.vitelline.net\/?product=pidiendole-al-padre","title":{"rendered":"Pidi\u00e9ndole al Padre"},"content":{"rendered":"<p>Historias verdaderas sobre respuestas a la oraci\u00f3n, escritas especialmente para ni\u00f1os.<\/p>\n<p>Autores: Lillian G. Harvey &amp; Trudy Harvey Tait<\/p>\n","protected":false},"excerpt":{"rendered":"<p>&nbsp;<\/p>\n<p>&nbsp;<\/p>\n","protected":false},"featured_media":1347,"comment_status":"open","ping_status":"closed","template":"","meta":[],"product_cat":[15,53],"product_tag":[1208,1210,1205,1209,1207,659,1206],"_links":{"self":[{"href":"https:\/\/harveycp.vitelline.net\/index.php?rest_route=\/wp\/v2\/product\/1346"}],"collection":[{"href":"https:\/\/harveycp.vitelline.net\/index.php?rest_route=\/wp\/v2\/product"}],"about":[{"href":"https:\/\/harveycp.vitelline.net\/index.php?rest_route=\/wp\/v2\/types\/product"}],"replies":[{"embeddable":true,"href":"https:\/\/harveycp.vitelline.net\/index.php?rest_route=%2Fwp%2Fv2%2Fcomments&post=1346"}],"wp:featuredmedia":[{"embeddable":true,"href":"https:\/\/harveycp.vitelline.net\/index.php?rest_route=\/wp\/v2\/media\/1347"}],"wp:attachment":[{"href":"https:\/\/harveycp.vitelline.net\/index.php?rest_route=%2Fwp%2Fv2%2Fmedia&parent=1346"}],"wp:term":[{"taxonomy":"product_cat","embeddable":true,"href":"https:\/\/harveycp.vitelline.net\/index.php?rest_route=%2Fwp%2Fv2%2Fproduct_cat&post=1346"},{"taxonomy":"product_tag","embeddable":true,"href":"https:\/\/harveycp.vitelline.net\/index.php?rest_route=%2Fwp%2Fv2%2Fproduct_tag&post=1346"}],"curies":[{"name":"wp","href":"https:\/\/api.w.org\/{rel}","templated":true}]}}