{"id":1328,"date":"2018-03-26T20:40:42","date_gmt":"2018-03-26T20:40:42","guid":{"rendered":"https:\/\/harveycp.vitelline.net\/?post_type=product&#038;p=1328"},"modified":"2024-01-05T21:28:25","modified_gmt":"2024-01-05T21:28:25","slug":"ellos-conocieron-a-su-dios-vol-1","status":"publish","type":"product","link":"https:\/\/harveycp.vitelline.net\/?product=ellos-conocieron-a-su-dios-vol-1","title":{"rendered":"Ellos Conocieron a Su Dios Vol 1"},"content":{"rendered":"<p class=\"&quot;VF-Parrafo1&quot;\"><span lang=\"&quot;ES-MX&quot;\">\u201cAndad alrededor de Sion\u2026 contad sus torres. Considerad atentamente su antemuro, mirad sus palacios; para que lo cont\u00e9is a la generaci\u00f3n venidera.\u201d Estas palabras del salmo cuarenta y ocho fueron impresas en nuestras mentes hace diecinueve a\u00f1os, como una comisi\u00f3n para buscar biograf\u00edas y literatura cristianas y trasladar al pueblo del Se\u00f1or aquello que nos hab\u00eda estado inspirando y que hab\u00eda sido de tanta ayuda para nosotros. As\u00ed que, tras este lapso de tiempo, tenemos ahora el privilegio de enviar estas figuras de las torres de Si\u00f3n \u2014sus profetas y atalayas, los baluartes de Si\u00f3n\u2014sus palacios- sus reformadores y defensores de la fe, y de los palacios de Sion\u2014 esas moradas humanas de Dios hechas bellas y majestuosas por la presencia del Rey de reyes.<br \/>\n<\/span><\/p>\n<p class=\"&quot;VF-Parrafo1&quot;\"><span lang=\"&quot;ES-MX&quot;\">El t\u00edtulo, \u201cEllos conocieron a su Dios\u201d, ha sido escogido como uno que incluye el conocimiento de Dios por medio del Nuevo Nacimiento, la morada m\u00e1s permanente de Dios tras recibir la llenura del Esp\u00edritu Santo, y el posterior \u201cviaje hacia Dios\u201d, a medida que la caminata temporal y progresiva con \u00c9l revela Su car\u00e1cter. Es nuestra m\u00e1s ferviente oraci\u00f3n en esta era religiosa tan superficial, que estos hombres y mujeres que derribaron todas las barreras y fronteras en su b\u00fasqueda y exploraci\u00f3n de su propio Dios en toda Su longitud, anchura, profundidad y altura, puedan llamarnos para que nos aferremos de manera ilimitada a lo invisible.<br \/>\n<\/span><\/p>\n<p class=\"&quot;VF-Parrafo1&quot;\"><span lang=\"&quot;ES-MX&quot;\">Dios nunca se repite a S\u00ed mismo en la experiencia humana, y es refrescante notar que estos santos, en su abandono completo en Dios, nos han legado historias individuales que enriquecen el reino espiritual con la misma variedad deleitableque descubrimos en las \u201cotras\u201d creaciones de Dios. No presentamos estos bosquejos para que sean imitados en todos sus detalles en la b\u00fasqueda de Dios, o como la evidencia de que ellos lo hayan alcanzado. M\u00e1s bien oramos para que la fe y el valor de estos santos al probar y conocer a Dios, nos anime a darnos cuenta de que no hay l\u00edmite, excepto nosotros mismos, para loque podr\u00edamos descubrir de Su reino mientras estamos aqu\u00ed en el \u201ctiempo\u201d.<br \/>\n<\/span><\/p>\n<p class=\"&quot;VF-Parrafo1&quot;\"><span lang=\"&quot;ES-MX&quot;\">Hemos incluido personajes de ambos sexos, de varias nacionalidades, de sucesivos per\u00edodos de tiempo y de diferentes trasfondos ecleci\u00e1sticos. Aprendemos a trav\u00e9s de ellos c\u00f3mo Dios se manifiesta a S\u00ed mismo en las se\u00f1ales y credenciales que sellan al santo que est\u00e1 creciendo, con el propio y peculiar sello de Dios.<br \/>\n<\/span><\/p>\n<p class=\"&quot;VF-Parrafo1&quot;\"><span lang=\"&quot;ES-MX&quot;\">Daniel nos dice que \u201cel pueblo que conoce a su Dios se esforzar\u00e1 y actuar\u00e1\u201d (Dn11:32). Por eso nosotros, en oraci\u00f3n, presentamos este libro, confiando que este vistazo a las vidas de estos santos hombres y mujeres nos dar\u00e1 a todos el \u00edmpetu de \u201cconocer a nuestro Dios\u201d. \u2014<i><span lang=\"&quot;ES-TRAD&quot;\">Prefacio de los Autores<\/span><\/i><\/span><\/p>\n<p><strong>\u00cdndice:<\/strong><\/p>\n<p><strong>NICOLAS DE BASILEA<\/strong> (1308-1398)<\/p>\n<p><em>El Amigo de Dios<\/em><\/p>\n<p><strong>JOHN TAULER<\/strong> (1290-1361)<\/p>\n<p><em>El Doctor Iluminado<\/em><\/p>\n<p><strong>CHRISTMAS EVANS<\/strong> (1766-1838)<\/p>\n<p><em>El Predicador Tuerto de Gales<\/em><\/p>\n<p><strong>WILLIAM BRAMWELL<\/strong> (1754-1818)<\/p>\n<p><em>Ap\u00f3stol de Oraci\u00f3n<\/em><\/p>\n<p><strong>LA MADRE COBB<\/strong> (1793-?)<\/p>\n<p><em>La Santa de Calic\u00f3<\/em><\/p>\n<p><strong>FELIX NEFF<\/strong> (1798-1827)<\/p>\n<p><em>El Brainerd de los Altos Alpes<\/em><\/p>\n<p><strong>ROBERT CLEAVER CHAPMAN<\/strong> (1803-1902)<\/p>\n<p><em>El Pobre Hombre Rico<\/em><\/p>\n<p><strong>ANN LA SANTA<\/strong> (1810-1904)<\/p>\n<p><em>La Santa Irlandesa<\/em><\/p>\n<p><strong>ISAAC MARSDEN<\/strong> (1807-1882)<\/p>\n<p><em>El Denodado Predicador Mercante<\/em><\/p>\n<p><strong>ALFRED COOKMAN<\/strong> (1828-1871)<\/p>\n<p><em>Lavado en la Sangre del Cordero<\/em><\/p>\n<p><strong>ELIZABETH BAXTER<\/strong> (1837-1926)<\/p>\n<p><em>Una \u201cHeralda\u201d del Cristianis<\/em><\/p>\n<p><strong>LILIAS TROTTER<\/strong> (1853-1928)<\/p>\n<p><em>La Pionera Fr\u00e1gil<\/em><\/p>\n<p><strong>JOHN HYDE<\/strong> (1865-1911)<\/p>\n<p><em>El Misionero \u201cQue Oraba\u201d<\/em><\/p>\n<p><strong>SAMUEL LOGAN BRENGLE<\/strong> (1860-1936)<\/p>\n<p><em>Soldado y Siervo<\/em><\/p>\n<p><strong>EVA VON WINKLER<\/strong> (1866-1932)<\/p>\n<p><em>Madre Eva de Friedenshort<\/em><\/p>\n<p><strong>SAMUEL MORRIS<\/strong> (1872-1893)<\/p>\n<p><em>Angel de Ebano<\/em><\/p>\n<p><strong>IVA VENNARD<\/strong> (1871-1945)<\/p>\n<p><em>Educadora Dedicada<\/em><\/p>\n<p><strong>JOHANNA VEENSTRA<\/strong> (1894-1932)<\/p>\n<p><em>Una Flama por Dios<\/em><\/p>\n<p>&nbsp;<\/p>\n","protected":false},"excerpt":{"rendered":"<p><span style=\"color: #999999;\"><em><strong>Book review:\u00a0<\/strong><a href=\"https:\/\/harveycp.vitelline.net\/wp-content\/uploads\/2018\/03\/Ellos-Conocieron-1_Sample-chapters.doc\">Ellos Conocieron 1_Sample chapters<\/a><\/em><\/span><\/p>\n<p><span style=\"color: #999999;\"><em><strong>Amazon link:<\/strong>\u00a0<a href=\"http:\/\/www.amazon.com\/dp\/B00U1U3OM0\" target=\"_blank\" rel=\"noopener\">Ellos Conocieron a Su Dios Vol 1<\/a><\/em><\/span><\/p>\n","protected":false},"featured_media":1330,"comment_status":"open","ping_status":"closed","template":"","meta":[],"product_cat":[15,53],"product_tag":[646],"_links":{"self":[{"href":"https:\/\/harveycp.vitelline.net\/index.php?rest_route=\/wp\/v2\/product\/1328"}],"collection":[{"href":"https:\/\/harveycp.vitelline.net\/index.php?rest_route=\/wp\/v2\/product"}],"about":[{"href":"https:\/\/harveycp.vitelline.net\/index.php?rest_route=\/wp\/v2\/types\/product"}],"replies":[{"embeddable":true,"href":"https:\/\/harveycp.vitelline.net\/index.php?rest_route=%2Fwp%2Fv2%2Fcomments&post=1328"}],"wp:featuredmedia":[{"embeddable":true,"href":"https:\/\/harveycp.vitelline.net\/index.php?rest_route=\/wp\/v2\/media\/1330"}],"wp:attachment":[{"href":"https:\/\/harveycp.vitelline.net\/index.php?rest_route=%2Fwp%2Fv2%2Fmedia&parent=1328"}],"wp:term":[{"taxonomy":"product_cat","embeddable":true,"href":"https:\/\/harveycp.vitelline.net\/index.php?rest_route=%2Fwp%2Fv2%2Fproduct_cat&post=1328"},{"taxonomy":"product_tag","embeddable":true,"href":"https:\/\/harveycp.vitelline.net\/index.php?rest_route=%2Fwp%2Fv2%2Fproduct_tag&post=1328"}],"curies":[{"name":"wp","href":"https:\/\/api.w.org\/{rel}","templated":true}]}}