{"id":1326,"date":"2018-03-26T20:14:50","date_gmt":"2018-03-26T20:14:50","guid":{"rendered":"https:\/\/harveycp.vitelline.net\/?post_type=product&#038;p=1326"},"modified":"2024-01-16T22:04:20","modified_gmt":"2024-01-16T22:04:20","slug":"de-rodillas-triunfamos","status":"publish","type":"product","link":"https:\/\/harveycp.vitelline.net\/?product=de-rodillas-triunfamos","title":{"rendered":"De Rodillas Triunfamos"},"content":{"rendered":"<p><strong><u>Prologo<\/u><\/strong><\/p>\n<p>Como muchos otros obreros cristianos que han estado ansiosos por tener \u00e9xito al trabajar para Dios, hemos llegado a la conclusi\u00f3n de que s\u00f3lo el Esp\u00edritu Santo puede lograr resultados duraderos. Durantes los pasados a\u00f1os de estudio y buscando de coraz\u00f3n, hemos reunido conclusiones similares de muchos reconocidos ministros de Dios y misioneros que han descubierto el secreto de que el Esp\u00edritu Santo viene en nuestra ayuda cuando, cansados de nuestro propio esfuerzo, pedimos, buscamos y llamamos. Anhelamos mucho compartir con los hijos de Dios algunas de estas lecturas, y divulgarlas tan ampliamente como sea posible. Pedimos humildemente que la vida y obra de muchos que lean estas p\u00e1ginas sean vivificadas y bendecidas.<\/p>\n<p>Este Libro contiene sesenta lecturas sobre la oraci\u00f3n, que almacenan preciosas porciones del tema.<\/p>\n<p>Ahora entregamos \u201cDe Rodillas Triunfamos\u201d con la m\u00e1s sincera oraci\u00f3n de que el mensaje ser\u00e1 de ayuda para un avivamiento de la oraci\u00f3n en todos los frentes.<\/p>\n<p>Autores: Edwin F. &amp; Lillian G. Harvey<\/p>\n<p>&nbsp;<\/p>\n<p><em>Quiero, pues, que los hombres oren en todo lugar, levantando manos santas. (1 Tim. 2:8)<br \/>\nLa necesidad de orar siempre&#8230; (Lcs. 18:1)<br \/>\nOrando en todo tiempo con toda oraci\u00f3n&#8230; (Ef. 6:18)<\/em><\/p>\n<p>La oraci\u00f3n no es nuestro mensaje; es el m\u00e9todo de Dios para el mensaje. Todas las cosas pueden lograrse por medio de la oraci\u00f3n. . . .<\/p>\n<p>Nuestra generaci\u00f3n a\u00fan necesita ver a la oraci\u00f3n como un ministerio, y aceptar lo que dice Dios en Su Palabra sobre este asunto. Dios no obra meramente antes o despu\u00e9s de la oraci\u00f3n; es mientras nosotros oramos que \u00c9l obra, \u00a1si tan s\u00f3lo pudi\u00e9ramos verle! Nosotros generalmente pensamos: \u201cOremos, y luego hagamos el trabajo.\u201d Pero la oraci\u00f3n es nuestro verdadero trabajo. Con frecuencia pensamos en la oraci\u00f3n como un prefijo o un sufijo de cualquier etapa del trabajo; pero la obra de Dios se forja a medida que oramos y mientras oramos.<\/p>\n<p>Creer la Palabra de Dios en este punto revoluciona la vida de un ministro o de cualquier cristiano, porque va a realizar sus obras a trav\u00e9s de la oraci\u00f3n. Ver\u00e1 que Dios siempre obra desde su trono debido a la intercesi\u00f3n. No es s\u00f3lo Su intercesi\u00f3n, sino tambi\u00e9n la nuestra; porque por Su Esp\u00edritu, \u00c9l no s\u00f3lo ora por nosotros, sino a trav\u00e9s de nosotros; \u00c9l nos da su propia y grandiosa oraci\u00f3n\u2014\u2014la cual es ciertamente la oraci\u00f3n verdadera.\u2014Armin Gesswein<\/p>\n<p>Dios no hace nada que no sea a trav\u00e9s de la oraci\u00f3n, y con ella hace cualquier cosa.\u2014\u2014John Wesley<\/p>\n<p>Cada gran mover de Dios puede ser rastreado hasta una persona de rodillas.\u2014\u2014D.L. Moody<\/p>\n<p>&nbsp;<\/p>\n","protected":false},"excerpt":{"rendered":"<p>Prologo Como muchos otros obreros cristianos que han estado ansiosos por tener \u00e9xito al trabajar para Dios, hemos llegado a la conclusi\u00f3n de que s\u00f3lo el Esp\u00edritu Santo puede lograr resultados duraderos. Durantes los pasados a\u00f1os de estudio y buscando de coraz\u00f3n, hemos reunido conclusiones similares de muchos reconocidos ministros de Dios y misioneros que [&hellip;]<\/p>\n","protected":false},"featured_media":1327,"comment_status":"open","ping_status":"closed","template":"","meta":[],"product_cat":[15,53],"product_tag":[1219,1216,643,1218,1221,1215,1220,1217],"_links":{"self":[{"href":"https:\/\/harveycp.vitelline.net\/index.php?rest_route=\/wp\/v2\/product\/1326"}],"collection":[{"href":"https:\/\/harveycp.vitelline.net\/index.php?rest_route=\/wp\/v2\/product"}],"about":[{"href":"https:\/\/harveycp.vitelline.net\/index.php?rest_route=\/wp\/v2\/types\/product"}],"replies":[{"embeddable":true,"href":"https:\/\/harveycp.vitelline.net\/index.php?rest_route=%2Fwp%2Fv2%2Fcomments&post=1326"}],"wp:featuredmedia":[{"embeddable":true,"href":"https:\/\/harveycp.vitelline.net\/index.php?rest_route=\/wp\/v2\/media\/1327"}],"wp:attachment":[{"href":"https:\/\/harveycp.vitelline.net\/index.php?rest_route=%2Fwp%2Fv2%2Fmedia&parent=1326"}],"wp:term":[{"taxonomy":"product_cat","embeddable":true,"href":"https:\/\/harveycp.vitelline.net\/index.php?rest_route=%2Fwp%2Fv2%2Fproduct_cat&post=1326"},{"taxonomy":"product_tag","embeddable":true,"href":"https:\/\/harveycp.vitelline.net\/index.php?rest_route=%2Fwp%2Fv2%2Fproduct_tag&post=1326"}],"curies":[{"name":"wp","href":"https:\/\/api.w.org\/{rel}","templated":true}]}}